{"id":57,"date":"2018-03-17T22:57:07","date_gmt":"2018-03-17T21:57:07","guid":{"rendered":"http:\/\/fegwebservice\/?page_id=57"},"modified":"2024-11-23T15:36:54","modified_gmt":"2024-11-23T14:36:54","slug":"ueber-uns","status":"publish","type":"page","link":"https:\/\/www.feg-emmendingen.de\/index.php\/ueber-uns\/","title":{"rendered":"Leitsatz \/ unsere Werte"},"content":{"rendered":"\n<figure class=\"wp-block-image size-full\"><img loading=\"lazy\" decoding=\"async\" width=\"659\" height=\"286\" src=\"https:\/\/www.feg-emmendingen.de\/wp-content\/uploads\/2024\/11\/Screenshot-2024-11-23-153525.jpg\" alt=\"\" class=\"wp-image-1546\" srcset=\"https:\/\/www.feg-emmendingen.de\/wp-content\/uploads\/2024\/11\/Screenshot-2024-11-23-153525.jpg 659w, https:\/\/www.feg-emmendingen.de\/wp-content\/uploads\/2024\/11\/Screenshot-2024-11-23-153525-300x130.jpg 300w\" sizes=\"auto, (max-width: 659px) 100vw, 659px\" \/><\/figure>\n\n\n\n<figure class=\"wp-block-image size-full\"><img loading=\"lazy\" decoding=\"async\" width=\"436\" height=\"586\" src=\"https:\/\/www.feg-emmendingen.de\/wp-content\/uploads\/2024\/11\/image-1.png\" alt=\"\" class=\"wp-image-1543\" srcset=\"https:\/\/www.feg-emmendingen.de\/wp-content\/uploads\/2024\/11\/image-1.png 436w, https:\/\/www.feg-emmendingen.de\/wp-content\/uploads\/2024\/11\/image-1-223x300.png 223w\" sizes=\"auto, (max-width: 436px) 100vw, 436px\" \/><\/figure>\n\n\n\n<figure class=\"wp-block-image size-full\"><img loading=\"lazy\" decoding=\"async\" width=\"445\" height=\"620\" src=\"https:\/\/www.feg-emmendingen.de\/wp-content\/uploads\/2024\/10\/Screenshot-2024-10-09-064637.jpg\" alt=\"\" class=\"wp-image-1486\" srcset=\"https:\/\/www.feg-emmendingen.de\/wp-content\/uploads\/2024\/10\/Screenshot-2024-10-09-064637.jpg 445w, https:\/\/www.feg-emmendingen.de\/wp-content\/uploads\/2024\/10\/Screenshot-2024-10-09-064637-215x300.jpg 215w\" sizes=\"auto, (max-width: 445px) 100vw, 445px\" \/><\/figure>\n\n\n<p><a href=\"https:\/\/feg-emmendingen.de\/wp-content\/uploads\/2018\/03\/FEG-Emmendingen-Leitungsverstaendnis.pdf\">FeG Emmendingen &#8211; Leitungsverst\u00e4n<\/a><a href=\"https:\/\/feg-emmendingen.de\/wp-content\/uploads\/2018\/03\/FEG-Emmendingen-Leitungsverstaendnis.pdf\">dnis<\/a><\/p>","protected":false},"excerpt":{"rendered":"<p>FeG Emmendingen &#8211; Leitungsverst\u00e4ndnis<\/p>\n","protected":false},"author":1,"featured_media":0,"parent":0,"menu_order":0,"comment_status":"closed","ping_status":"closed","template":"","meta":{"advgb_blocks_editor_width":"","advgb_blocks_columns_visual_guide":"","footnotes":""},"class_list":["post-57","page","type-page","status-publish","hentry"],"aioseo_notices":[],"coauthors":[],"author_meta":{"author_link":"https:\/\/www.feg-emmendingen.de\/index.php\/author\/admin\/","display_name":"admin"},"relative_dates":{"created":"Ver\u00f6ffentlicht 8\u00a0Jahren vor","modified":"Aktualisiert 1\u00a0Jahr vor"},"absolute_dates":{"created":"Ver\u00f6ffentlicht am 17. M\u00e4rz 2018","modified":"Aktualisiert am 23. November 2024"},"absolute_dates_time":{"created":"Ver\u00f6ffentlicht am 17. M\u00e4rz 2018 22:57","modified":"Aktualisiert am 23. November 2024 15:36"},"featured_img_caption":"","featured_img":false,"series_order":"","_links":{"self":[{"href":"https:\/\/www.feg-emmendingen.de\/index.php\/wp-json\/wp\/v2\/pages\/57","targetHints":{"allow":["GET"]}}],"collection":[{"href":"https:\/\/www.feg-emmendingen.de\/index.php\/wp-json\/wp\/v2\/pages"}],"about":[{"href":"https:\/\/www.feg-emmendingen.de\/index.php\/wp-json\/wp\/v2\/types\/page"}],"author":[{"embeddable":true,"href":"https:\/\/www.feg-emmendingen.de\/index.php\/wp-json\/wp\/v2\/users\/1"}],"replies":[{"embeddable":true,"href":"https:\/\/www.feg-emmendingen.de\/index.php\/wp-json\/wp\/v2\/comments?post=57"}],"version-history":[{"count":9,"href":"https:\/\/www.feg-emmendingen.de\/index.php\/wp-json\/wp\/v2\/pages\/57\/revisions"}],"predecessor-version":[{"id":1547,"href":"https:\/\/www.feg-emmendingen.de\/index.php\/wp-json\/wp\/v2\/pages\/57\/revisions\/1547"}],"wp:attachment":[{"href":"https:\/\/www.feg-emmendingen.de\/index.php\/wp-json\/wp\/v2\/media?parent=57"}],"curies":[{"name":"wp","href":"https:\/\/api.w.org\/{rel}","templated":true}]}}